q(c) = c**2 - 674*c + 24168. Determine q(38).
0
Let s(b) = 22*b - 360. Calculate s(15).
-30
Let a(q) = -q**2 - 59*q + 1395. Determine a(-77).
9
Let s(n) = -12*n + 360. Give s(29).
12
Let i(t) = -5*t**3 + 186*t**2 + 153*t - 18. Calculate i(38).
20
Let s(w) = w**2 - 7*w - 100. Give s(-7).
-2
Let d(l) = -17*l**3 - 74*l**2 - 25*l - 2. Calculate d(-4).
2
Let n(m) = -2*m**3 + 101*m**2 - 25*m - 157. What is n(50)?
1093
Let y(k) = 8*k**2 - 280*k + 291. What is y(34)?
19
Let k(x) = x**2 - 19*x + 76. What is k(14)?
6
Let w(h) = -h**2 - 210*h - 7870. Calculate w(-49).
19
Let m(f) = 7*f**2 - 68*f - 130. Determine m(11).
-31
Let l(q) = 25*q**2 - 5*q - 6. Determine l(1).
14
Let x(u) = 2*u**2 + 10*u + 96. Calculate x(-7).
124
Let a(y) = -5*y**3 + 8*y**2 + 20*y. Determine a(4).
-112
Let c(x) = 10*x**3 - 4*x**2 + x + 2. Calculate c(1).
9
Let g(t) = -11*t**2 - 1076*t + 197. What is g(-98)?
1
Let n(u) = -u**3 + 30*u**2 + 25*u + 1241. Determine n(32).
-7
Let o(w) = 2290*w - 20587. What is o(9)?
23
Let g(m) = -2*m**3 + 13*m**2 - 9*m + 118. What is g(7)?
6
Let t(f) = -8*f**2 - 7*f - 22. What is t(-3)?
-73
Let f(i) = 3*i**2 + 20*i + 4. Calculate f(-5).
-21
Let h(g) = -3*g**2 + 7*g + 20. Calculate h(3).
14
Let s(w) = -244*w + 21710. What is s(89)?
-6
Let z(h) = 3*h**2 + 18*h + 8. Give z(-5).
-7
Let c(w) = -14*w**3 + 156*w**2 - 29*w + 77. What is c(11)?
0
Let h(j) = 14*j + 88. Determine h(-6).
4
Let m(f) = 2*f**2 + 748*f - 52. What is m(0)?
-52
Let r(w) = w**2 - 21*w + 115. What is r(8)?
11
Let g(n) = -59*n - 133. Give g(-3).
44
Let t(s) = 3*s**2 + 101*s - 132. Give t(-21).
-930
Let v(o) = 3*o**3 - 53*o**2 + 17*o + 288. Calculate v(17).
-1
Let o(m) = 3*m**3 + 20*m**2 - 30*m + 8. Give o(-8).
-8
Let o(v) = -v**2 + 1032*v + 25343. What is o(-24)?
-1
Let x(r) = 90*r + 90. Give x(-1).
0
Let x(w) = 64*w - 8379. Determine x(131).
5
Let k(c) = -2*c**2 - 17*c - 30. What is k(-7)?
-9
Let r(k) = -k**2 + 34*k + 5623. Determine r(-60).
-17
Let h(n) = 221*n - 438. Calculate h(2).
4
Let x(v) = 2*v**2 - 4761*v + 9519. Give x(2).
5
Let d(k) = 4*k**2 + 15*k - 39. What is d(-8)?
97
Let a(z) = z**3 - 12*z**2 + 28*z + 18. Give a(4).
2
Let i(u) = -5*u**2 + 78*u + 170. Calculate i(-2).
-6
Let s(r) = 96*r + 2597. Give s(-28).
-91
Let v(j) = -j**2 + 68*j - 1070. What is v(43)?
5
Let z(i) = -i**3 + 25*i**2 - 59*i - 19. Calculate z(3).
2
Let o(k) = -1648*k + 70837. Calculate o(43).
-27
Let o(v) = 4*v**2 - 22*v - 61. Give o(8).
19
Let k(a) = a**3 - 19*a**2 + 22*a + 26. What is k(18)?
98
Let t(z) = -2*z**2 - 513*z + 3100. Determine t(6).
-50
Let l(b) = -30*b + 30. What is l(4)?
-90
Let b(j) = -j**2 - 33*j - 137. What is b(-27)?
25
Let n(t) = -39*t - 442. Calculate n(-12).
26
Let s(v) = -v**2 + 148*v + 1921. Give s(-12).
1
Let m(x) = x**3 - 10*x**2 - 63*x + 546. What is m(12)?
78
Let n(o) = 16284*o - 97715. Determine n(6).
-11
Let s(w) = -96*w + 11045. What is s(115)?
5
Let z(b) = 12*b**2 - 21*b - 52. Give z(-2).
38
Let l(m) = 2*m**3 + 37*m**2 + 23*m + 95. Calculate l(-18).
5
Let k(y) = -5*y**2 - 3*y + 6. Calculate k(-5).
-104
Let i(p) = 170*p**2 - 464*p + 464. Determine i(1).
170
Let y(l) = -3*l**3 + 137*l**2 - 1379*l - 9. Calculate y(15).
6
Let p(j) = j**2 - 33*j + 64. Determine p(34).
98
Let z(s) = s**2 - 419*s - 9229. What is z(-21)?
11
Let n(o) = o**3 + 27*o**2 + 2*o - 649. Give n(-26).
-25
Let n(x) = -x**3 + 8*x**2 - x + 102. Give n(8).
94
Let f(q) = -q**3 + 8*q**2 + 125*q - 11. Give f(16).
-59
Let f(t) = -t**3 + 36*t**2 + 311*t + 15. What is f(-7)?
-55
Let n(o) = 2*o**3 + 27*o**2 - 79*o + 17. Determine n(-16).
1
Let b(x) = 14214*x + 99493. Give b(-7).
-5
Let g(b) = 372*b - 1775. Give g(4).
-287
Let a(k) = -k**3 + 10*k**2 - 13*k - 22. Calculate a(8).
2
Let q(w) = w**2 + 48*w - 63. What is q(-61)?
730
Let x(i) = -618*i - 9866. What is x(-16)?
22
Let m(i) = -481*i + 4829. Give m(10).
19
Let v(m) = -547*m - 4976. Determine v(-9).
-53
Let l(a) = -a**2 + 54*a - 292. Calculate l(6).
-4
Let n(g) = -54*g - 780. What is n(-11)?
-186
Let k(r) = -30*r + 282. Determine k(8).
42
Let c(m) = m**3 + 47*m**2 - 100*m - 17. Give c(-49).
81
Let s(f) = 2*f**2 - 48*f - 140. Determine s(-3).
22
Let f(o) = 2*o**3 - 13*o**2 + o - 32. What is f(6)?
-62
Let n(i) = -89*i - 350. What is n(-4)?
6
Let j(w) = 42*w + 6561. Calculate j(-156).
9
Let o(m) = 14*m - 553. Determine o(43).
49
Let g(d) = d**3 - 38*d**2 - 60*d + 807. What is g(39)?
-12
Let i(o) = -3*o**3 - 13*o**2 - 34*o - 313. Calculate i(-7).
317
Let s(f) = f**3 + 12*f**2 - 20*f - 32. Give s(4).
144
Let t(a) = a**3 + 3*a**2 + 9*a + 13. What is t(-6)?
-149
Let a(c) = c**3 - 38*c**2 + 224*c - 232. Give a(31).
-15
Let x(d) = 286*d - 3713. Calculate x(13).
5
Let g(q) = 2*q - 13. What is g(1)?
-11
Let q(o) = -o**3 + 21*o**2 - 42*o + 72. Give q(19).
-4
Let g(d) = 9*d**3 + 2*d**2 + 8*d - 20. What is g(2)?
76
Let y(l) = l**3 - 8*l**2 + 32*l - 291. Calculate y(8).
-35
Let z(b) = -84*b + 272. Give z(4).
-64
Let d(f) = f**3 + 20*f**2 - 4*f - 1100. Determine d(-18).
-380
Let j(z) = -12*z - 554. Determine j(-45).
-14
Let s(k) = 6*k + 150. What is s(-26)?
-6
Let u(b) = -6*b**2 + 25*b + 28. Give u(-1).
-3
Let w(t) = -9*t**3 + 55*t**2 + 139*t + 8. Give w(-3).
329
Let x(l) = 3*l**2 + 36*l - 138. Calculate x(4).
54
Let l(r) = 7*r**2 - 2*r - 91. Calculate l(7).
238
Let h(d) = d**3 + 20*d**2 - 14*d - 24. What is h(-20)?
256
Let r(x) = -x**3 + 7*x**2 - 50*x - 195. Give r(-3).
45
Let s(u) = 1477*u + 5910. Determine s(-4).
2
Let c(t) = 82*t + 10130. Give c(-124).
-38
Let v(y) = y**3 + 34*y**2 - 77*y - 11. Determine v(-36).
169
Let h(p) = -22*p - 745. Give h(-11).
-503
Let d(w) = -286*w - 4046. Calculate d(-13).
-328
Let y(f) = 18*f + 181. Determine y(-3).
127
Let o(w) = -w**3 + 15*w**2 + 29*w + 96. Give o(17).
11
Let f(h) = -2*h**2 + 139*h + 292. Give f(70).
222
Let n(s) = -5*s**3 - 40*s**2 - 71*s + 4. Give n(-5).
-16
Let o(i) = i**2 - 13*i - 260. Calculate o(20).
-120
Let c(v) = -60*v**2 - 419*v - 12. Determine c(-7).
-19
Let m(c) = c**3 - 6*c**2 + 11*c - 38. Determine m(9).
304
Let b(a) = 2*a**2 + 32*a + 34. Give b(-9).
-92
Let r(i) = -i**2 - 57*i - 643. What is r(-16)?
13
Let k(i) = -63*i**3 - 4*i**2 - 5*i - 1. Determine k(-1).
63
Let z(x) = -x**3 - 6*x**2 + x - 6. Calculate z(-6).
-12
Let i(y) = -99*y - 509. What is i(-4)?
-113
Let h(x) = -20*x**2 + 12*x - 3. Calculate h(-4).
-371
Let m(g) = g**3 + 67*g**2 + 81*g + 361. Calculate m(-66).
-629
Let f(v) = -3*v**3 + v**2 + 81*v + 82. Determine f(-1).
5
Let y(v) = v**3 + 8*v**2 + 104*v + 1471. What is y(-11)?
-36
Let o(k) = 4*k**2 + 65*k - 66. Calculate o(-17).
-15
Let v(c) = c**3 - 35*c**2 - 157*c + 26. Give v(39).
-13
Let j(t) = t**3 - 19*t**2 - 13*t - 5. What is j(19)?
-252
Let c(s) = s**2 + 59*s - 257. Give c(4).
-5
Let n(l) = -54*l - 8480. What is n(-157)?
-2
Let l(g) = -2*g**2 + 37*g - 143. Calculate l(15).
-38
Let b(y) = y**2 - 154*y + 773. Determine b(5).
28
Let n(f) = f**3 - 36*f**2 - 37*f + 37. What is n(37)?
37
Let y(o) = -o**2 + 26*o + 412. Determine y(37).
5
Let j(p) = -p**3 - 25*p**2 + 24*p + 233. What is j(-26)?
285
Let w(b) = 6*b**2 - 1223*b - 3939. What is w(207)?
-6
Let j(f) = -3*f**2 - 16*f - 138. Give j(-8).
-202
Let p(o) = -3*o**3 - 80*o**2 - 35*o - 1649. Calculate p(-27).
25
Let l(u) = -10*u**3 - 138*u**2 + 29*u + 6. Calculate l(-14).
-8
Let p(r) = 3*r**3 - 56*r**2 + 33*r + 41. Calculate p(18).
-13
Let p(h) = -138*h + 787. What is p(6)?
-41
Let l(b) = 72*b + 1111. What is l(-16)?
-41
Let l(j) = 14256*j + 327883. What is l(-23)?
-5
Let w(t) = 2*t**3 + 13*t**2 - 101*t - 50. Calculate w(-11).
-28
Let r(q) = -20*q**3 + 6*q**2 - 86*q - 92. Give r(-1).
20
Let o(n) = 127*n + 1428. Calculate o(-15).
-477
Let u(a) = -90*a + 19. Calculate u(-4).
379
Let r(n) = 10*n - 256. Determine r(14).
-116
Let r(m) = -m**3 + 12*m**2 - 43*m + 511. Calculate r(12).
-5
Let d(g) = 2*g**3 - 9*g**2 - 6*g - 2. Determine d(5).
-7
Let q(p) = -6*p**3 + 5*p**2 + 23. Determine q(5).
-602
Let v(q) = -q**2 + 585*q + 3548. What is v(-6)?
2
Let n(l) = l**3 + 83*l**2 - 85*l - 190. What is n(-84)?
-106
Let o(s) = -11*s + 77. What is o(6)?
11
Let g(t) = t**3 - 14*t**2 - 619*t + 155. What is g(-19)?
3
Let a(b) = -34*b + 3023. Determine a(89).
-3
Let q(r) = -22*r**2 + 19*r + 3. Determine q(4).
-273
Let b(f) = 7236*f - 50662. What is b(7)?
-10
Let j(w) =